). Let m(c) = 3*c**k + 5 + 0*c**2 - 7*c - 2*c**2. Give m(q).
-7
Let q(k) = -k**3 - 2*k**2 + k + 2. Suppose 3*f = -f + 24. Let y be f + 102/(-12) - 1/(-2). Calculate q(y).
0
Suppose -4*g - k + 20 = -2*k, 3*g + 2*k = 4. Suppose 6*p + 2 = -g. Let r(u) = -13*u - 1. Determine r(p).
12
Let l(n) be the second derivative of -n**5/20 + 7*n**4/12 + n**3/2 + 9*n**2/2 + 172*n. Calculate l(7).
30
Let m(n) = 4*n + 2. Let b(l) = 8*l + 16. Let p(i) = b(i) - 3*m(i). What is p(4)?
-6
Let g(a) = 5*a + 15. Let p be g(-3). Let f(q) = q - 5. Let j be f(7). Let r(k) = 4*k**2 - 3*k**j - k + p - 2. Calculate r(2).
0
Let z(h) = -9*h - 1. Let j(w) = -32*w**3 - 18 - 20*w + 31*w**3 + 12*w**2 - 32*w**2. Let p be j(-19). Give z(p).
-10
Let x(f) = 2*f + 29. Suppose 0 = m - 1985 + 1995. Give x(m).
9
Let o be 14/(-35) - (-2 + 496/10). Let i = 36 + o. Let n(w) = w**2 + 11*w - 7. Give n(i).
5
Let j be -4 - 18/(-3) - (2 - 2). Suppose m + j = 9. Let c(v) = -v**3 + 8*v**2 - 5*v - 9. Give c(m).
5
Let m(n) = 954*n**2 - 965*n**2 + n + 3*n**3 + 8 - 4*n**3. Give m(-11).
-3
Let a(h) = -h. Let p(f) = -2*f + 9. Let t be p(4). Suppose -2*l + 1 = -t. Let m(i) = -12*i - 1. Let o(x) = l*m(x) - 5*a(x). Calculate o(1).
-8
Suppose 0 = 10*a - 47 + 17. Let t(z) be the first derivative of -a*z + 1/2*z**2 + 8. Give t(5).
2
Let g(d) be the second derivative of -2*d + 1/6*d**3 + 4 + 3/2*d**2. What is g(3)?
6
Let t(v) = 5*v**3 - v**2 + 6*v - 12. Let o(r) = -r**3 - r**2 - r + 2. Let i(q) = -4*o(q) - t(q). Determine i(5).
-6
Let u(v) = v**3 + 4*v**2 - 5*v - 18. Let j = -988 + 984. Calculate u(j).
2
Suppose 16 = 12*z - 56. Let x(v) = -2*v - 3. Calculate x(z).
-15
Suppose -w - 2 = -j, 3*w + 3*j + 14 = -2*j. Let z be (24/14)/((-10)/(-35)). Let a(u) = -2*u - u - 4 + z*u - 4*u. Give a(w).
-1
Let p(d) = -2*d + 2. Let f(n) = 13*n - 2. Let q(b) = f(b) + 5*p(b). What is q(11)?
41
Let n(o) = o**3 + 9*o**2 + 7*o - 7. Let x = 24 - 22. Let f(q) = 14*q**2 - q**2 + 10 - q**3 + 8 - x*q. Let z be f(13). What is n(z)?
1
Let d(f) = f. Let c be d(4). Suppose c*a = 5 + 11. Let g(p) = -5*p**2 - 3*p + 1. Let n(t) = 9*t**2 + 5*t - 3. Let u(s) = -7*g(s) - 4*n(s). What is u(a)?
-7
Let n(l) be the third derivative of -l**5/12 - l**4/24 - 2*l**2. Let b(g) = 2*g**2 - 2*g + 8. Let v be b(0). Suppose -3 = -v*y - 11. Determine n(y).
-4
Let u(z) be the third derivative of -1/6*z**3 - 2*z**2 + 1/24*z**4 - 1/60*z**5 + 0*z - 1/120*z**6 + 0. Determine u(-2).
1
Let a(l) = -l**3 + 7 - 116*l**2 + 0*l - 2*l + 350*l**2 - 117*l**2 - 112*l**2. Give a(6).
-41
Let k = 1112 + -1111. Let u(t) = -6*t**3. Give u(k).
-6
Let g(l) = -l + 3 - 3 - 2. Suppose -12*z = -13*z + 2. Suppose -z*k = -4*k + 6*k. Determine g(k).
-2
Let g(z) = z - 2. Let h = -170 + 165. Calculate g(h).
-7
Let i(d) be the third derivative of -d**8/20160 - d**7/560 - d**6/120 + d**5/30 - 43*d**4/24 + 60*d**2. Let h(o) be the third derivative of i(o). Give h(-8).
2
Let k(l) = -l**3 + 10*l**2 - 9*l + 9. Let j be k(9). Let c be (42/j)/((-2)/3). Let f = c + 9. Let w(n) = -2*n**2 + 2. Give w(f).
-6
Let w(n) = n**2 + 3*n - 3. Let o(d) be the first derivative of 4 - 7*d**2 - 16/3*d**3 + 12*d - 1/4*d**4. Let u be o(-15). Determine w(u).
-3
Let x(y) = -7*y**3 + 3*y + 22. Let z(p) = -11*p**3 + 5*p + 33. Let d(m) = -8*x(m) + 5*z(m). Let j be (0/2)/(11/11). Give d(j).
-11
Let k(q) = -13*q - 1 - 21*q**2 + 0 - q**3 + 16*q**2 + 11*q. Suppose 2*l = -2*d + d + 1, 2*d = -3*l. Give k(d).
-13
Let u be (-2)/5 + 102/30. Let r be (-5 + u)*(-28)/8. Let s(g) = 18*g - 12*g - 1 - r*g. Calculate s(2).
-3
Suppose -24 = 4*d - 32. Let j(x) = 0*x - x + 39 - 42 + x**d. Suppose -3*h = q + 15, -2*q - 6 = 4*h + 14. What is j(q)?
-3
Let j(w) = 2*w - 4. Let i(v) = -v**3 - v**2 + 5*v - 3. Let u(m) = i(m) - j(m). Suppose 8 - 2 = -3*z. Determine u(z).
-1
Let l(a) = -a + 1. Let g(p) = 25*p**2 - 2*p. Let w be g(-1). Suppose -4*c = -w - 13. Suppose 0*q - 5*v + c = -4*q, q + 8 = 4*v. Give l(q).
1
Let t(r) = -r - 12. Let k be t(-9). Suppose -4*h = -13 - 15. Let w(i) = -10 + 1 + h + i + 1. What is w(k)?
-4
Let o(m) be the third derivative of m**6/120 - m**5/60 - m**4/24 - 4*m**2. Let t(j) = -5*j**3 + 2*j**2 + 8*j - 1. Let c(k) = 4*o(k) + t(k). What is c(-4)?
15
Let w(y) be the second derivative of -y**4/6 - y**3/3 + 2*y**2 - 39*y - 4. Give w(0).
4
Let w(s) = -8 + 2*s**2 + 0*s**2 - 3*s**2 + 8*s + 7. Let p(y) = 3*y**2 - 11*y + 2. Let m be p(4). What is w(m)?
11
Let v(k) = -13*k + 14*k**3 - 20 - 3*k**3 + 15*k**2 - 12*k**3. Give v(14).
-6
Let u be -3*(-2 - -3) + 5. Let i = -7 - -10. Let g(y) = y**i - 25*y + 23*y + 1 - 5 + 2*y**u. Give g(-3).
-7
Let y be ((-36)/15 + 3)*5. Let o(d) = -8 - y*d + 7 + d + 2. Calculate o(-4).
9
Let k(d) = -d**3 + 12*d**2 + 12*d + 15. Let i be k(13). Let a(g) = 4*g - g**i - 497 + 497. Let l be 0 + (1 - 0)*5. Calculate a(l).
-5
Suppose 20 - 5 = -5*g. Let l(x) = 4*x**3 - 47 - 7*x + 28 + 8*x**2 - 2*x**3. Let w(n) = -n**3 - 4*n**2 + 3*n + 9. Let q(h) = 6*l(h) + 13*w(h). Determine q(g).
3
Let d(o) = -o**3 - 142 + 2*o + 8*o + 130 + 8*o**2. Let j be d(9). Let h(q) = -q**2 - 5*q - 4. Give h(j).
2
Let f(x) = -x - 7. Let k(q) = 2*q + 22. Let m(b) = -8*f(b) - 3*k(b). Determine m(5).
0
Let o be 2/((7/10)/(-7)). Let s be 16/o*90/4. Let d be ((-2)/6)/((-2)/s). Let v(a) = a**2 + a + 2. What is v(d)?
8
Let a(l) be the first derivative of l**3/3 - l - 773. Give a(-1).
0
Let z(k) = 5*k - 27. Let o(p) = p**2 + 32*p + 96. Let a be o(-3). Give z(a).
18
Suppose -2*u = -3*g + 10, 0 = -21*u + 18*u - g + 7. Let l(h) = 12*h - 13. What is l(u)?
-1
Let i(y) = -8*y - 61. Let l be i(-7). Let c(f) be the third derivative of -f**5/60 - f**4/4 - f**3/2 - 9*f**2. Determine c(l).
2
Let h(m) = 3*m - 5 + 6*m + m**2 - 4*m. Suppose -270*o = -269*o + 7. Calculate h(o).
9
Suppose 5*j + 5*b - 25 = 2*b, 9 = -2*j - 5*b. Suppose 2 = -j*d - 14. Let z(k) = 2*k**3 + 3*k**2 - k - 2. Determine z(d).
-4
Let d(l) be the third derivative of -l**6/60 + l**5/4 - l**4/3 + 2*l**3 + 51*l**2. What is d(7)?
5
Suppose -m = 3*j - 39 - 14, 5*j + 201 = 3*m. Let z(w) = m*w - 57*w - 2 - 3 - 2*w**2 + w**2. Give z(5).
-5
Let b(c) = c**2 - c**3 - 3 + c + 2*c**2 + c**2. Let p(v) = 9*v**3 + 205*v**2 + 157*v + 69. Let m be p(-22). Give b(m).
9
Let x(b) = b**3 - b**2 - 6*b + 5. Suppose -v = -2*u + 3, 61*v + 30 = 66*v + 5*u. What is x(v)?
5
Let x(r) = -r**3 - 8*r**2 - 9*r - 9. Let v be x(-7). Let u(s) be the first derivative of -s**2 - 1 + v - 1 + 6*s. Determine u(4).
-2
Let d(u) = -u**2 + 29. Suppose 11*h = -43*h. Give d(h).
29
Let u(j) = 2 + 0*j**2 - j**2 + j**2 - 2*j - 2*j**2 - 3. Let o = -2 - -4. Suppose 2*f - o = 2*m + 2, -2*m - 7 = -5*f. Calculate u(m).
-1
Let z(d) = 17*d**3 + 3*d**2 - 3*d - 2. Let g(v) = 8*v**3 - v - 2. Let k(t) = 2*g(t) - z(t). Suppose 6 = -3*q - 6. What is k(q)?
10
Let q(f) be the first derivative of -3 - 2*f + 5/2*f**2 + 1/3*f**3. Let n = 14 - 20. What is q(n)?
4
Let f(i) = -3*i + 13. Let p(s) = -4*s + 14. Let l(w) = 3*f(w) - 2*p(w). Give l(13).
-2
Suppose 32 = 4*z + 8. Let j(u) = -u + 3. Let f be j(z). Let w(c) = 7*c - 1 + 2 + c**2 + 1 + 1. What is w(f)?
-9
Let k(b) be the second derivative of -b**4/12 + 2*b**3 - 2*b**2 + b + 10. Determine k(12).
-4
Let q = -97 - -94. Let n be (-156)/(-18) + -8 + (-10)/q. Let f(g) = g**2 - 4*g + 1. What is f(n)?
1
Let p(q) = -q**3 - q**2 - 3*q - 1. Suppose 11*f - 14*f + 6 = 0. Let k be (-1 - f)*(-10)/(-15). Calculate p(k).
9
Let c(s) = -21*s - s**2 + 15*s + 1 - s. Let o be (-4 + 3 - -1) + -5. Calculate c(o).
11
Let p(q) = q**2 + 5*q + 3. Let b = -133 - -129. Determine p(b).
-1
Let y(f) be the second derivative of -f**6/240 + f**5/30 + 5*f**4/4 + 24*f. Let h(d) be the third derivative of y(d). Determine h(4).
-8
Let u(z) = 15*z - 2*z - 19*z + 5*z - 1. Let f be (-1 - 0/(-2))*-3. Let j(k) = k**2 - 4*k - 1. Let h be j(f). Give u(h).
3
Let q(u) = 7*u**2 + 20*u + 1. Let b(n) = 6*n**2 + 19*n. Let o(a) = -6*b(a) + 5*q(a). Calculate o(-11).
38
Let r(k) be the second derivative of 1/20*k**5 - 1/6*k**3 - 9*k + k**2 + 0 + 1/12*k**4. Calculate r(-3).
-13
Let g(t) be the third derivative of -t**5/60 - t**4/24 + t**3/2 - t**2. Let z be 1*(15 - 3)*(-12)/48. What is g(z)?
-3
Let i(a) = -6*a + 7. Let x be i(22). Let o = 127 + x. Let f(c) = -2*c**2 + c. What is f(o)?
-6
Suppose 0 = 2*x - 4*k, 5*k - 4*k = 5*x. Suppose -1 = -n - g - 0, x =